w + 180 = 15. What is the highest common factor of 81 and i?
27
Suppose 0 = -11*t + 4*t + 1519. What is the greatest common divisor of 31 and t?
31
Let w(l) = -l**3 - 9*l**2 - 17*l - 17. Let c be w(-7). Suppose 1 + 2 = -3*i. Let v be (1 - 1) + (i - -17). Calculate the highest common factor of v and c.
4
Let b be (2 - 3)*(1 - 1). Suppose b = 4*m - 11 + 3. Suppose -m*k = k - 114. What is the highest common factor of k and 57?
19
Let s(j) = j**3 - 15*j**2 + 14*j + 11. Let z be s(14). Calculate the highest common factor of 33 and z.
11
Let v be 42 - (-1*(-4 + 2) - 5). Suppose -7 + 2 = -l. Calculate the highest common factor of v and l.
5
Let n be (-4 + 8 + 20)/((-6)/(-4)). Calculate the greatest common factor of 24 and n.
8
Let j = 106 + -103. Calculate the greatest common divisor of j and 111.
3
Let z(m) = 2*m**2 + 9*m. Let d be z(-7). Calculate the greatest common factor of 5 and d.
5
Let z = 2 + -37. Let g be 84/z*220/(-6). What is the highest common factor of 8 and g?
8
Suppose 3*v - 2*k - 40 = 0, k + 5 = v + 2*k. Let c be 590/7 - v/35. Calculate the highest common factor of c and 12.
12
Let i = 16 + 39. Suppose o - 25 = -4*o. Suppose o*m - 101 = 9. Calculate the highest common divisor of i and m.
11
Let i(o) = -o - 3. Let l be i(-4). Let b = 9 - l. Let w be (0 - 0) + 1*12. What is the highest common divisor of b and w?
4
Let b = -92 + 115. Let m = 18 + 5. Calculate the greatest common divisor of m and b.
23
Let o = -5 + 29. What is the highest common factor of 6 and o?
6
Let r be (415/(-4))/(4/(-16)). Let c = r + -223. Let k = c + -72. Calculate the highest common divisor of k and 20.
20
Let k be 2 - 3 - (3 + (-2 - 32)). What is the greatest common factor of 330 and k?
30
Let x(z) = z + 5. Let l be x(-5). Suppose l = -u + 5*m + 19, -2*m + 0 = 2. Let r = u + -4. Calculate the greatest common factor of 60 and r.
10
Let y(z) = -z**3 + 4*z**2 + 5*z - 3. Let c be y(-3). What is the greatest common divisor of c and 30?
15
Let m(u) = u**2 + 7*u - 4. Let n be m(-8). Suppose 0 = -n*t + 94 + 66. Suppose t = 3*a + 2*a. What is the greatest common factor of 32 and a?
8
Let b = -6 + 10. Let c(l) = 12*l + 3. Let i be c(b). Suppose -2*n - n + i = 0. What is the greatest common factor of 136 and n?
17
Let g(m) = -2*m**3 - 7*m**2 + 9*m - 1. Let y be g(-6). Calculate the greatest common factor of y and 50.
25
Let k be 1/2 - (2 - (-665)/(-14)). What is the greatest common factor of 23 and k?
23
Suppose 3*v - 8 = -2*d, -19 = -d + v - 5. Calculate the highest common factor of d and 30.
10
Let m(y) = y**2 - y + 364. Let d be m(0). Suppose -a + 2*a - d = -4*c, 0 = -4*c - 5*a + 348. Let l = -50 + c. Calculate the highest common divisor of l and 7.
7
Suppose -4*b + 882 = 338. Suppose -2*a + f = -32, -3*a + f = -0*a - 49. Calculate the greatest common factor of a and b.
17
Let u = 8 - 8. Let f(c) = c**3 - c + 7. Let h be f(u). What is the highest common factor of 21 and h?
7
Let p = -171 + 241. Suppose 0 = -4*x + 5*m - 1 + 51, -18 = -x + 4*m. Calculate the greatest common divisor of p and x.
10
Let q(m) = -3*m + 2*m + 41 + 44. Let z be q(0). What is the highest common factor of 17 and z?
17
Let v be (-3 - 1) + 2 - -4. Suppose -7*h - 5*b - 30 = -v*h, 0 = 2*h + 3*b + 11. Let s = h + 11. Calculate the greatest common factor of s and 8.
4
Suppose -3*a + 128 = -124. Let h(d) = -d**3 + 7*d**2 + 10*d - 3. Let y be h(8). Let s be 4/2 + -1 + y. Calculate the highest common factor of a and s.
14
Suppose 0*d + 3*d = 15. Calculate the greatest common divisor of d and 2.
1
Suppose -4*p + 144 = 5*p. What is the highest common factor of p and 80?
16
Let m be 4/(-8) - (-86)/4. Suppose y - m = -4*s - 4, -3*y = -5*s - 102. Let u = y + -18. What is the highest common factor of 88 and u?
11
Let v = 493 + -322. Calculate the highest common divisor of v and 19.
19
Let h be 1*(-2 + 2) + 1. Let f be (0 - 0) + h + -1. Suppose 4*v + 101 - 321 = f. What is the greatest common factor of 5 and v?
5
Let z = 93 - 71. Calculate the greatest common divisor of z and 198.
22
Suppose -2*g - 48 = -4*g. Calculate the highest common divisor of 96 and g.
24
Let d(l) = -l**2 - 14*l - 6. Let j be d(-9). Calculate the highest common factor of 26 and j.
13
Suppose -j + 6 = -4*j. Let l be (j/(-8))/((-3)/(-60)). What is the greatest common divisor of 35 and l?
5
Let q = 5 + -1. Let u(n) = -29*n - 5. Let c be u(-2). Suppose q*m - 3 = c. What is the greatest common divisor of m and 126?
14
Let j be (-4)/(-10) + 231/35. Calculate the greatest common divisor of j and 28.
7
Let s be (-2 - (-33)/6)/((-4)/(-120)). Calculate the greatest common divisor of 15 and s.
15
Let m(x) = x**2 - 9*x - 8. Let p be m(10). Suppose -3*s + 21 = 5*c - 2*c, 2*c - 4*s = p. What is the highest common factor of 35 and c?
5
Suppose 0 = 2*a + 5*n - 276, 3*a = -a + 4*n + 552. Let b be (-6)/(-9) - a/(-9). Let t be (b/(-6))/(2/(-12)). What is the greatest common divisor of 32 and t?
16
Let u be (-22)/(3 - 1) + 3. Let f(r) = 10*r - 3. Let t be f(2). Let w = u + t. What is the greatest common divisor of 9 and w?
9
Let s be 1*36 - (0 + 0). Suppose -4*o + 0*o + s = 0. Suppose -76*i + 74*i = -18. What is the highest common divisor of o and i?
9
Let b be -81 + 0 + (-8 - -8). Let r be 18/(-12) + b/2. Let z = r - -60. Calculate the highest common factor of z and 9.
9
Let v = 69 + -39. What is the greatest common factor of 10 and v?
10
Suppose -2*r + 150 = r. What is the highest common divisor of 10 and r?
10
Suppose -3*l = -25 + 4. Let t = l + -5. Let f be (20 - 2)*t/2. Calculate the highest common divisor of 45 and f.
9
Suppose 0 = -r + 4*r - 12. Suppose 7*x - 65 = -3*d + 2*x, 2*x = 3*d - 79. Suppose 5 = -5*w + d. Calculate the highest common divisor of w and r.
4
Suppose 2 + 26 = 2*r. Suppose 0 = -t + 2*t - 42. What is the greatest common factor of t and r?
14
Suppose 3*y = -5*u + 229, -2*y = 2*u - 3*u + 38. Let o = -2 - -6. What is the highest common divisor of u and o?
4
Let t be 3 - 7/(21/(-30)). Suppose 2*x - 14 = 3*o, 2*o - 1 = 7. Calculate the highest common divisor of x and t.
13
Suppose 3*w + 2*x = 119 + 379, 3*x = w - 177. What is the highest common divisor of w and 21?
21
Let m = 15 - 12. Suppose 0 = 5*u + m*k - 99, 0 = -0*u - 2*u - 5*k + 32. What is the greatest common divisor of 147 and u?
21
Let o(z) = 2*z**3 + z**2 - z + 1. Let f be o(1). Suppose -f*g + 360 = -0*g. Suppose 5*p = g - 30. Calculate the highest common divisor of 2 and p.
2
Let s(w) = w**2 - 17*w + 13. Let l be s(18). Suppose 5*f - 39 = 2*f. Let j = l + f. Calculate the greatest common factor of 4 and j.
4
Let t = -11 - -15. What is the greatest common factor of 4 and t?
4
Let z(y) = -10*y + 53. Let b be z(5). What is the highest common factor of 33 and b?
3
Let j(f) = -f**3 - 7*f**2 + 8. Let a be j(-7). Let x be 10 + 4*(-4)/(-8). What is the greatest common divisor of a and x?
4
Suppose 3*x + 1 = 4*o, 0 = 3*x + 2*o - 10 - 13. Suppose 4*u = -5*k + u + 278, -u = -4*k + 219. What is the highest common factor of x and k?
5
Let l be (0 - -4) + -1 + -1. Let u(g) = -7*g + 2 + 2*g + 2 - l. Let s be u(-5). What is the greatest common factor of 18 and s?
9
Suppose 6*j = 3*j + 9. Let i be (22/3)/((-2)/(-6)). Suppose 2*d + 5*w = i, 2*w = d + 2*d - 14. What is the greatest common factor of j and d?
3
Let n = -39 + 76. Calculate the greatest common divisor of 296 and n.
37
Let k(f) be the second derivative of -5*f**3/3 + f. Let s be k(-3). Let t be 4/10 + (-746)/(-10). What is the greatest common factor of s and t?
15
Suppose l - g - 8 = 0, -8 = -l + 3*g - 2. Let p = 12 - 3. Calculate the greatest common divisor of l and p.
9
Let s = 21 - 21. Suppose 5*u - 5*j = 390, -5*u - 3*j - 199 + 581 = s. Calculate the highest common factor of 11 and u.
11
Suppose 0 - 3 = -v. Suppose -v*y = -y - 4. What is the greatest common divisor of y and 3?
1
Suppose 4 = 3*p - 8. Suppose -p*w - 229 = -b, 0 = -2*b + 2*w + 686 - 258. Let h be (-2 + -1)/(-3) + 18. What is the greatest common divisor of b and h?
19
Suppose 0 = 10*x - 9*x - 4. Suppose -3*p - 12 = -5*g + 33, 2*g = -5*p + 49. Calculate the greatest common factor of x and g.
4
Suppose 0 = 8*q - 13*q + 1305. Calculate the greatest common factor of q and 29.
29
Let l = -12 - -100. Calculate the greatest common divisor of 8 and l.
8
Suppose -4*u + 7